e
Is 105353 a composite number?
True
Is 15529 composite?
True
Is 5267 prime?
False
Is 4045 composite?
True
Is 34781 a prime number?
True
Is 62763 composite?
True
Is 68767 a prime number?
True
Is 20317 a prime number?
False
Is 15969 a composite number?
True
Is 24487 composite?
True
Is 56697 a prime number?
False
Is 106135 a composite number?
True
Is 108089 a composite number?
False
Is 22937 composite?
False
Is 68399 composite?
False
Is 126631 prime?
True
Is 99919 a prime number?
False
Is 1021403 prime?
True
Is 6599 a prime number?
True
Is 1099051 a composite number?
False
Is 8189 prime?
False
Is 2061537 a composite number?
True
Is 259823 a prime number?
True
Is 336953 composite?
True
Is 9923 prime?
True
Is 2447 composite?
False
Is 1764787 composite?
True
Is 6349 a composite number?
True
Is 294019 prime?
False
Is 126095 prime?
False
Is 3351 prime?
False
Is 11855 a prime number?
False
Is 4201 a composite number?
False
Is 165533 prime?
True
Is 194777 prime?
False
Is 309433 prime?
True
Is 408493 a prime number?
False
Is 26661 composite?
True
Is 7779 composite?
True
Is 49649 prime?
False
Is 878533 a composite number?
True
Is 3551 a composite number?
True
Is 561833 a prime number?
False
Is 2388083 a prime number?
True
Is 9521 a composite number?
False
Is 43391 a composite number?
False
Is 701474 composite?
True
Is 1331047 prime?
False
Is 9391 prime?
True
Is 110365 a prime number?
False
Is 149599 prime?
False
Is 23017 composite?
False
Is 4201 composite?
False
Is 325987 composite?
False
Is 576679 a prime number?
False
Is 73001 composite?
True
Is 86753 composite?
False
Is 1177859 composite?
False
Is 71999 prime?
True
Is 487353 composite?
True
Is 200771 a prime number?
True
Is 75011 prime?
True
Is 2371 a composite number?
False
Is 621883 composite?
False
Is 765409 prime?
True
Is 18661 a prime number?
True
Is 64151 a prime number?
True
Is 140327 a prime number?
False
Is 1835 a prime number?
False
Is 16811 prime?
True
Is 150239 a prime number?
True
Is 971 a composite number?
False
Is 154189 composite?
True
Is 520589 a prime number?
True
Is 48361 composite?
True
Is 5381 a prime number?
True
Is 1062553 a composite number?
True
Is 762747 prime?
False
Is 6709 a composite number?
False
Is 103231 a prime number?
True
Is 90769 a prime number?
False
Is 285531 a prime number?
False
Is 299246 composite?
True
Is 869885 a prime number?
False
Is 3791 a prime number?
False
Is 19373 composite?
False
Is 5703 prime?
False
Is 163019 a composite number?
False
Is 1573094 a prime number?
False
Is 2309 a composite number?
False
Is 3251 prime?
True
Is 39857 composite?
False
Is 68611 a composite number?
False
Is 1320433 composite?
False
Is 2024993 composite?
True
Is 374161 a prime number?
False
Is 1265983 composite?
True
Is 65753 prime?
False
Is 67909 prime?
False
Is 97891 composite?
True
Is 44011 a prime number?
False
Is 264097 a composite number?
True
Is 847443 composite?
True
Is 123 a composite number?
True
Is 31121 a prime number?
True
Is 51449 prime?
True
Is 183629 a composite number?
True
Is 3907 a prime number?
True
Is 719333 a prime number?
True
Is 108073 prime?
False
Is 22613 prime?
True
Is 310573 prime?
False
Is 4837 a prime number?
False
Is 40787 a prime number?
True
Is 91673 a prime number?
True
Is 242123 composite?
True
Is 613597 prime?
True
Is 975343 composite?
False
Is 24899 a prime number?
False
Is 114265 a prime number?
False
Is 38401 a prime number?
False
Is 2969935 a prime number?
False
Is 2447 prime?
True
Is 54923 prime?
False
Is 471 composite?
True
Is 12443 a prime number?
False
Is 28399 a prime number?
False
Is 1157 composite?
True
Is 1869598 a composite number?
True
Is 1733 a prime number?
True
Is 147905 a prime number?
False
Is 185671 a prime number?
False
Is 35251 prime?
True
Is 14173 composite?
False
Is 18431 a composite number?
True
Is 9182 prime?
False
Is 3407 a prime number?
True
Is 275881 a prime number?
True
Is 4073 a prime number?
True
Is 58211 prime?
True
Is 92459 a composite number?
False
Is 20737 a prime number?
False
Is 26303 composite?
True
Is 97547 prime?
True
Is 13963 composite?
False
Is 3079 prime?
True
Is 3407 a composite number?
False
Is 15427 composite?
False
Is 9667 a composite number?
True
Is 1361 a prime number?
True
Is 3953 a prime number?
False
Is 2309429 prime?
False
Is 9017 a composite number?
True
Is 6437 a composite number?
True
Is 12911 a composite number?
False
Is 829403 prime?
False
Is 1830379 prime?
True
Is 52489 a composite number?
False
Is 14513 composite?
True
Is 17011 composite?
False
Is 7177 a composite number?
False
Is 3127 a prime number?
False
Is 203731 composite?
True
Is 10687 prime?
True
Is 19231 a composite number?
False
Is 71342 a composite number?
True
Is 218 a prime number?
False
Is 188569 prime?
False
Is 622417 prime?
False
Is 15685 a prime number?
False
Is 364933 a composite number?
True
Is 187121 a prime number?
False
Is 2246 a composite number?
True
Is 279563 a prime number?
False
Is 32459 prime?
False
Is 442723 a prime number?
False
Is 12895 composite?
True
Is 893449 composite?
False
Is 379697 composite?
True
Is 91541 composite?
False
Is 93061 composite?
True
Is 37913 prime?
False
Is 785459 a prime number?
True
Is 1128287 composite?
False
Is 29527 composite?
False
Is 3503 composite?
True
Is 19931 a prime number?
False
Is 8409 prime?
False
Is 423173 prime?
True
Is 793211 a composite number?
True
Is 239119 a prime number?
True
Is 35179 composite?
True
Is 1714 a prime number?
False
Is 60485 a composite number?
True
Is 12071 a composite number?
False
Is 6073 a composite number?
False
Is 21059 a prime number?
True
Is 21955 a composite number?
True
Is 10589 prime?
True
Is 27509 composite?
False
Is 1803799 a prime number?
True
Is 241793 a prime number?
True
Is 155957 composite?
True
Is 7543 a prime number?
False
Is 635 composite?
True
Is 1645021 prime?
False
Is 114371 a composite number?
False
Is 24326 a composite number?
True
Is 59249 a prime number?
False
Is 198473 a composite number?
True
Is 1085611 prime?
True
Is 86741 prime?
False
Is 52757 prime?
True
Is 46889 a prime number?
True
Is 44054 a prime number?
False
Is 435781 prime?
False
Is 10133 composite?
False
Is 153983 a composite number?
True
Is 17569 composite?
False
Is 1151 a prime number?
True
Is 446423 a prime number?
False
Is 218846 prime?
False
Is 240599 a composite number?
False
Is 349598 prime?
False
Is 165793 a composite number?
True
Is 728881 a composite number?
False
Is 627709 a composite number?
False
Is 274633 a composite number?
True
Is 2833 composite?
False
Is 15055 prime?
False
Is 104147 a composite number?
False
Is 9941 prime?
True
Is 29741 a composite number?
False
Is 91183 prime?
True
Is 3799 prime?
False
Is 102967 prime?
True
Is 139387 a composite number?
False
Is 221443 a composite number?
True
Is 225767 a composite number?
False
Is 8653 composite?
True
Is 55331 prime?
True
Is 392143 a composite number?
False
Is 153143 a composite number?
True
Is 46489 a prime number?
True
Is 24659 a prime number?
True
Is 16231 composite?
False
Is 7411 composite?
False
Is 6733 composite?
False
Is 162205 a prime number?
False
Is 443363 a prime number?
True
Is 7451 prime?
True
Is 86863 a composite number?
True
Is 159097 composite?
False
Is 380533 a prime number?
True
Is 117557 a prime number?
False
Is 161273 a composite number?
True
Is 1651 a composite number?
True
Is 298346 composite?
True
Is 2129 a composite number?
False
Is 245233 prime?
False
Is 551533 prime?
False
Is 1733 a prime number?
True
Is 8081 composite?
False
Is 612979 a prime number?
False
Is 2245 composite?
True
Is 35671 a prime number?
True
Is 22411 a composite number?
True
Is 2503 a prime number?
True
Is 40757 prime?
False
Is 3763 composite?
True
Is 36037 a prime number?
True
Is 12889 prime?
True
Is 222257 prime?
False
Is 914429 prime?
True
Is 731113 a composite number?
False
Is 22411 a composite number?
True
Is 1344965 a composite number?
True
Is 47681 prime?
True
Is 4327 prime?
True
Is 52859 a composite number?
False
Is 58477 a prime number?
True
Is 5076913 a prime number?
True
Is 1901 composite?
False
Is 6245 a composite number?
True
Is 28453 a prime number?
False
Is 43402 prime?
False
Is 3247 a composite number?
True
Is 35029 prime?
False
Is 380021 composite?
True
Is 5707 composi